95520.
2, 3, 5, 173, 1663
What are the prime factors of 5518466690?
2, 5, 11, 5209, 9631
What are the prime factors of 394517846?
2, 197258923
List the prime factors of 1071590702.
2, 7, 13, 31, 43, 631
List the prime factors of 60703304.
2, 131, 57923
List the prime factors of 929197127.
821, 1131787
What are the prime factors of 1438349777?
223, 317, 20347
List the prime factors of 2594350547.
1151, 2253997
List the prime factors of 1949465550.
2, 3, 5, 19, 29, 103, 229
List the prime factors of 2380722075.
3, 5, 17, 641, 971
What are the prime factors of 153367103?
103, 113, 13177
List the prime factors of 810154529.
43, 18840803
What are the prime factors of 647395758?
2, 3, 113, 318287
What are the prime factors of 937892767?
7, 101, 347, 3823
List the prime factors of 94866316.
2, 19, 1248241
What are the prime factors of 424310762?
2, 23, 9224147
List the prime factors of 35822549.
7, 37, 138311
What are the prime factors of 121970397?
3, 40656799
What are the prime factors of 286397652?
2, 3, 167, 241, 593
List the prime factors of 18532538.
2, 137, 239, 283
What are the prime factors of 44251456?
2, 19, 151, 241
List the prime factors of 85098435.
3, 5, 19, 47, 6353
List the prime factors of 4062961633.
4062961633
What are the prime factors of 1090218603?
3, 43, 1871, 4517
What are the prime factors of 2484632656?
2, 11, 14117231
List the prime factors of 467570418.
2, 3, 7, 11132629
List the prime factors of 86382988.
2, 31, 599, 1163
What are the prime factors of 597452962?
2, 727, 410903
What are the prime factors of 5968122874?
2, 7, 60899213
List the prime factors of 1246639989.
3, 7, 19, 67, 46633
List the prime factors of 494639577.
3, 54959953
What are the prime factors of 80235191?
61, 89, 14779
List the prime factors of 2246125349.
13, 1109, 155797
List the prime factors of 167123857.
37, 239, 18899
What are the prime factors of 71592458?
2, 7, 5113747
List the prime factors of 371229876.
2, 3, 47, 151, 1453
What are the prime factors of 255698463?
3, 293, 290897
List the prime factors of 1926025309.
13, 619, 239347
List the prime factors of 2503877937.
3, 11, 3251, 23339
What are the prime factors of 182604710?
2, 5, 18260471
List the prime factors of 34533212.
2, 7, 23, 53623
What are the prime factors of 1921996892?
2, 103, 131, 149, 239
What are the prime factors of 35528406?
2, 3, 43, 137707
List the prime factors of 190288354.
2, 31, 3069167
What are the prime factors of 1960785269?
821, 2909
List the prime factors of 464786104.
2, 58098263
List the prime factors of 24221738.
2, 149, 81281
What are the prime factors of 214234422?
2, 3, 35705737
List the prime factors of 781592898.
2, 3, 131, 994393
What are the prime factors of 5157806177?
19, 719, 377557
What are the prime factors of 55041834?
2, 3, 347, 26437
What are the prime factors of 43114933?
19, 47, 48281
What are the prime factors of 2076271683?
3, 19, 36425819
List the prime factors of 4447805238.
2, 3, 47, 5257453
What are the prime factors of 1042193031?
3, 11, 727, 43441
List the prime factors of 38180887.
383, 99689
What are the prime factors of 420696096?
2, 3, 4382251
List the prime factors of 953615656.
2, 7, 2432693
List the prime factors of 11485140.
2, 3, 5, 67, 2857
What are the prime factors of 2099658164?
2, 137, 3831493
List the prime factors of 474303660.
2, 3, 5, 7905061
What are the prime factors of 106408573?
83, 1282031
List the prime factors of 774754.
2, 53, 7309
What are the prime factors of 62001026?
2, 31000513
List the prime factors of 967088806.
2, 483544403
What are the prime factors of 45987320?
2, 5, 101, 11383
List the prime factors of 418537.
7, 59791
List the prime factors of 3954739013.
3954739013
What are the prime factors of 273298419?
3, 1787, 16993
List the prime factors of 70127597.
29, 829, 2917
What are the prime factors of 2987934767?
179, 16692373
What are the prime factors of 837076557?
3, 163, 1711813
What are the prime factors of 145473963?
3, 48491321
List the prime factors of 4675212.
2, 3, 73, 593
What are the prime factors of 25536118?
2, 23, 79, 7027
What are the prime factors of 35826928?
2, 131, 17093
What are the prime factors of 42976975?
5, 647, 2657
List the prime factors of 784504398.
2, 3, 10657, 12269
What are the prime factors of 2077637240?
2, 5, 7, 1060019
What are the prime factors of 2462591464?
2, 349, 882017
What are the prime factors of 159732438?
2, 3, 1723, 15451
What are the prime factors of 179901183?
3, 7, 11, 778793
What are the prime factors of 1591554286?
2, 7, 113682449
List the prime factors of 49500190.
2, 5, 197, 25127
List the prime factors of 101350718.
2, 7, 31, 73, 457
List the prime factors of 314924673.
3, 7, 1453, 10321
What are the prime factors of 57195778?
2, 1063, 26903
List the prime factors of 549212921.
233, 541, 4357
List the prime factors of 525709562.
2, 7, 37550683
What are the prime factors of 1245827496?
2, 3, 47, 1039, 1063
What are the prime factors of 155346941?
59, 2632999
What are the prime factors of 83305856?
2, 650827
What are the prime factors of 66861294?
2, 3, 37, 301177
List the prime factors of 1677322185.
3, 5, 7, 11, 19, 61, 179
List the prime factors of 1733450120.
2, 5, 43336253
List the prime factors of 18595167.
3, 19, 113, 2887
List the prime factors of 101929712.
2, 1223, 5209
What are the prime factors of 53748663?
3, 19, 41, 109, 211
List the prime factors of 2916586560.
2, 3, 5, 3038111
List the prime factors of 57036711.
3, 23, 193, 4283
List the prime factors of 392305611.
3, 293, 446309
What are the prime factors of 306407197?
306407197
List the prime factors of 493014082.
2, 11, 491, 45641
What are the prime factors of 5992142879?
19, 315375941
What are the prime factors of 1839712655?
5, 11, 157, 257, 829
What are the prime factors of 672825003?
3, 23, 9751087
What are the prime factors of 38606488?
2, 73, 66107
List the prime factors of 254816548.
2, 7, 9100591
What are the prime factors of 667915699?
11, 23, 53, 49811
What are the prime factors of 670899518?
2, 179, 1874021
What are the prime factors of 20104631?
79, 254489
What are the prime factors of 217643141?
217643141
List the prime factors of 564225487.
7, 173, 465917
List the prime factors of 128489680.
2, 5, 11, 146011
List the prime factors of 85561753.
85561753
What are the prime factors of 211045488?
2, 3, 4396781
What are the prime factors of 7445097419?
17, 67, 1597, 4093
List the prime factors of 462635782.
2, 7, 29, 39293
List the prime factors of 322474806.
2, 3, 3271, 5477
List the prime factors of 648787551.
3, 1327, 162971
List the prime factors of 45326230.
2, 5, 199, 22777
List the prime factors of 360575926.
2, 180287963
What are the prime factors of 437318865?
3, 5, 233, 13903
What are the prime factors of 183574035?
3, 5, 4079423
List the prime factors of 3010428877.
1451, 2074727
What are the prime factors of 5156883?
3, 79, 7253
What are the prime factors of 381246746?
2, 190623373
What are the prime factors of 334003106?
2, 307, 487, 1117
List the prime factors of 1979887716.
2, 3, 53, 1037677
What are the prime factors of 2024198644?
2, 13, 127, 306511
What are the prime factors of 21934506?
2, 3, 11, 109, 3049
What are the prime factors of 434004912?
2, 3, 11, 91331
What are the prime factors of 4614494600?
2, 5, 23, 827, 1213
List the prime factors of 71820694.
2, 11, 557, 5861
What are the prime factors of 658722877?
37, 71, 250751
What are the prime factors of 2522885511?
3, 12541, 67057
List the prime factors of 1075675959.
3, 41, 2915111
What are the prime factors of 5241456335?
5, 557, 1882031
List the prime factors of 22075206.
2, 3, 29, 293, 433
List the prime factors of 418783706.
2, 11, 19035623
What are the prime factors of 139539759?
3, 131, 355063
What are the prime factors of 6510539?
7, 930077
List the prime factors of 2458568086.
2, 13, 43, 2199077
List the prime factors of 521966298.
2, 3, 7, 71, 175039
List the prime factors of 4381606235.
5, 876321247
What are the prime factors of 172494534?
2, 3, 28749089
What are the prime factors of 255473351?
7, 23, 1586791
What are the prime factors of 1725409706?
2, 862704853
What are the prime factors of 2271155439?
3, 7, 15450037
What are the prime factors of 55870963?
19, 2940577
What 